*h = 4*b + p, 2*h - 3*b = -h + 2739. Suppose 5*k = -2*y + 6*y - 3681, y = -2*k + h. Is y prime?
True
Let m = -53 + 56. Let l be 1 - ((-105)/75 - m/5). Suppose -1066 = -l*x + 671. Is x a prime number?
False
Let r(d) = -7*d - 25 - 25 + 40. Let x be r(-2). Suppose 3*p = p, -x*p = 3*y - 2514. Is y prime?
False
Is 126/(-56) - (-283465)/20 a composite number?
True
Is (34/2)/((-1)/(-1861)) a composite number?
True
Let r(b) be the third derivative of 3*b**4 - 193*b**3/6 + 16*b**2 - 2. Is r(28) a prime number?
True
Let u = 335821 + -181718. Is u composite?
True
Let v(x) = 964*x + 539. Is v(6) composite?
False
Let m = 66705 - -389386. Is m composite?
False
Let u = -3394 - -6989. Let q = 1840 + u. Is q a composite number?
True
Let i(l) = 14*l**3 - 9*l**2 - 4*l + 7. Let h be i(-7). Let j be (-2 + (3664 - -3))*-1. Let o = j - h. Is o a prime number?
True
Let q be (3/3)/((-4)/3760). Let b be (-4)/(-12) + q/(-6). Let y = -78 + b. Is y prime?
True
Let a = 3175 + 3908. Is (-5)/(90/12)*a/(-6) prime?
True
Is ((-1041271)/(-693))/(1/9) prime?
True
Suppose 17*w - 13*w = 2*n + 351132, -3*n = w - 87769. Is w a prime number?
False
Suppose 2*t = -w + 12, 6*w - 24 = w - t. Suppose o = -2*r, 0 = w*o - 2*o + r - 6. Suppose 0 = -o*s + 3*c + 277, 5*s = 4*c + 74 + 273. Is s a prime number?
True
Let d(u) = -u**3 + 2*u**2 - 2*u - 1. Let j be d(2). Is -7509*j*(-2)/(-30) prime?
True
Suppose 92*a - 1664411 = 45*a. Is a a composite number?
True
Is 1 - ((-1470)/(-25) + -6)*-4*35 prime?
True
Suppose 3 = -21*x + 22*x. Suppose -2*r - x*p + 9239 = 0, -r + p + 1048 + 3574 = 0. Is r prime?
True
Suppose 8*b = 3*p + 3*b - 7282, -4*b + 4 = 0. Suppose 5*h - 4*q - 21643 = 0, -2*h + 2*q + 11087 - p = 0. Is h a prime number?
True
Suppose i - 27 = -8*i. Suppose 2*u - 2*n = -i*n + 7010, -u = -2*n - 3515. Let p = -1288 + u. Is p prime?
False
Let m(x) = 666*x - 133. Is m(6) a prime number?
True
Suppose 4*i = 4, 3*s - 9*i - 129132 = -6*i. Let t = s + -19958. Is t composite?
False
Let t(a) = -19825*a**3 + 4*a**2 + 5*a + 3. Let j be t(-1). Suppose -34*l = -43*l + j. Is l a prime number?
True
Let k(w) = 7*w**3 - 84*w**2 + 53*w - 13. Is k(15) a composite number?
False
Let k(u) = 37*u - 28. Let v = -29 - -41. Let h(y) = -y + 23. Let b be h(v). Is k(b) a prime number?
True
Suppose 1663555 + 59896 = 69*l - 652426. Is l prime?
False
Let g = 379 + -375. Suppose -9*m + 66935 = -g*m. Is m prime?
False
Let c = -26 + 17. Let y(q) be the second derivative of -q**5/20 - q**4/2 - q**3/3 - 2*q**2 + 2*q - 11. Is y(c) prime?
True
Let r be 2/18 - (-35)/9. Let p(c) = 14 + 4*c - r*c**2 + 8*c**3 - 8 - 9. Is p(2) composite?
False
Let j(q) = q**3 + 11*q**2 + 27*q + 7. Let p(t) = t**3 + 11*t**2 + 27*t + 7. Let o(h) = 6*j(h) - 7*p(h). Is o(-18) prime?
False
Suppose -3*x + 391 - 111 = -q, 5*q = 25. Suppose -x*d + 8018 = -93*d. Is d a prime number?
False
Let p = 407759 + -213316. Is p composite?
False
Let b be (-1681034)/(-10) - 24/60. Suppose 0 = -37*u + 289994 + b. Is u a prime number?
False
Suppose -16*s + 13*s = -50364. Is (5/((-45)/(-6)))/(8/s) a composite number?
False
Let p(o) = 6*o**2 + 14*o + 97. Let l be (-31)/3 + (-228)/18 + 12. Is p(l) a composite number?
True
Let t(a) = 219*a + 2356. Is t(9) a composite number?
False
Let i(w) = -3*w**2 - 6 - 3*w**3 + 5*w**3 - 9*w**2. Let y be i(6). Is (2/4 - 0)*(y + 800) a composite number?
False
Let f = 1203756 + -742201. Is f composite?
True
Let n(q) = -340 + 7*q + 97*q**2 + 340. Let r be n(3). Suppose -j + 2*j = -4*k + 1778, 2*j + r = 2*k. Is k a composite number?
True
Let t = 196213 + -110240. Is t a composite number?
True
Let y = 169933 - 113302. Let r = y + -28862. Is r prime?
False
Is (335758/(-4) + 9)*-2 a composite number?
False
Let b = 52952 + 36075. Is b a prime number?
False
Suppose 0 = -21*y + 89 + 142. Suppose -y*w + 128992 = 21*w. Is w composite?
True
Let q(n) be the second derivative of n**4/6 + n**3/6 + 11*n**2/2 + n. Suppose -b + 2 = 5*a + 23, -4*b - 3*a - 33 = 0. Is q(b) a prime number?
False
Let k(w) = 32*w**2 + 399*w - 198. Is k(-97) prime?
True
Suppose 51*m - 9341430 = 9*m + 12*m. Is m a prime number?
False
Let c(m) = m**2 - m - 6. Let d be c(5). Let j be (-2 + 13)*1*d/(-2). Is ((-62)/2)/(7/j) composite?
True
Let l = -47138 - -81009. Is l a prime number?
True
Suppose -34*f + 35*f + 1 = 0. Is ((19004/16)/1)/(f/(-4)) a prime number?
True
Let x be (0 - 423)*(0 - 7). Let s = 1986 - x. Let u = -160 - s. Is u composite?
True
Suppose 73343 = -9*z + 187328. Suppose -z = 2*q - 19*q. Is q prime?
False
Suppose 3*d + 2 = 8, 3*w = 3*d + 2814. Let v = w + -156. Suppose k - v + 221 = 0. Is k a composite number?
False
Suppose -5711473 + 584138 = -8*i + 1364881. Is i composite?
True
Is (-8)/(-3)*((-575378100)/(-2000) + (-6)/(-5)) a prime number?
False
Suppose 13*r = -80*r + 19668849. Is r prime?
True
Is ((-2)/2)/(38/57*(-6)/4606124) prime?
False
Let i(c) = c**3 + 24*c**2 - 7*c - 13. Suppose 105 + 195 = 10*q. Let v be 6/10 + -3*226/q. Is i(v) a composite number?
False
Let h(o) = -18*o + 41. Suppose -3*w - 34 = 4*l, -2*w + 4*w - 5*l = -15. Is h(w) composite?
True
Suppose 102*d = 44*d + 336806. Is d composite?
False
Suppose 5*b + 252*n = 256*n + 530451, -4*n - 212190 = -2*b. Is b a composite number?
False
Suppose 0 = -4*h - u + 8 - 76, 0 = 3*h - u + 44. Let d = h - -33. Suppose -d*i + 4*i = -8905. Is i composite?
True
Let g = -325831 + 699524. Is g a composite number?
False
Let j(h) = -h**3 - h + 5. Let d be j(0). Suppose -d*l = 2*c - 6357, -5 + 1 = -4*c. Suppose 5*i + 4*b - 1675 = 0, 4*i + 2*b = l + 63. Is i a composite number?
False
Let b be 880/25*(-1770)/(-12). Let t = b - -1755. Is t composite?
False
Is 51366 + 21 - (3 - 0 - -1) a prime number?
True
Let q = 289 - 165. Suppose 0 = -i - 5*g - q, -3*g + 1080 = -5*i + 376. Let o = i + 4188. Is o a prime number?
True
Suppose -7*s = -3*g - 16*s + 492501, 0 = -4*g - 5*s + 656696. Is g a prime number?
False
Is (2 - -58)/(-4) + 150208 prime?
True
Let n be 53/5 - (-2)/5. Let v = 3993 + -3987. Suppose n*m = v*m + 955. Is m a prime number?
True
Suppose 10 = p + 392. Let r = 783 + p. Is r a composite number?
False
Suppose 4*z - 58*f = -62*f + 936144, -5*f - 35 = 0. Is z a composite number?
False
Let w(s) be the third derivative of -s**6/120 + 9*s**5/20 + s**4/8 + 13*s**3/6 + 92*s**2. Is w(14) a composite number?
True
Let k be (-4)/(-4) - (3 - -14). Let g(u) = -u**3 - 15*u**2 + 15*u - 13. Let y be g(k). Is 12/(-8)*79*(-2)/y a composite number?
False
Let f = -3833 + 1427. Let n = -3729 - f. Let v = -370 - n. Is v prime?
True
Suppose -32*w + 42*w + 90*w = 50474100. Is w composite?
True
Let r(c) = -5140*c - 17. Let w be r(-9). Suppose 5*l + 3*i - w = i, l = -5*i + 9267. Is l a prime number?
False
Let p = -32988 + 60025. Is p a prime number?
False
Suppose 78*o - 1933696 - 1184253 = 1000061. Is o a composite number?
True
Let a(j) = j + 16. Let d be a(-13). Suppose -691 = d*v - 154. Let h = v + 306. Is h a composite number?
False
Let i(x) = -x - 7. Suppose -4*h - 20 = 20. Let d be i(h). Suppose -5*y + d*m = -4894, 0 = -y - 4*y + m + 4888. Is y prime?
True
Let h(p) = -p**2 - 26*p + 43. Let n(k) be the second derivative of k**4/6 + 26*k**3/3 - 87*k**2/2 + 12*k. Let b(g) = 5*h(g) + 2*n(g). Is b(-17) prime?
False
Let i be (-24)/((-10058)/(-2516) - 4). Suppose i = 5*v + 2759. Suppose 2*p = -p + v. Is p a composite number?
False
Let v(i) = 6*i + 1. Let a be v(-7). Let z = 45 + a. Suppose h + 1341 + 409 = 2*b, -z*b = 5*h - 3528. Is b a composite number?
False
Suppose 87 = 2*a - 625. Let i = 2083 - 2090. Is (4/(-14) - a/28)*i composite?
True
Is (-72)/64*-8 + 413008 a composite number?
True
Let w be 80/(-60)*(-15567)/(-2). Is w/(-10) - 168/(-140) a composite number?
False
Let u = 251 - -1199. Suppose 164 = i + 4*o - 135, -5*o = 5*i - u. Is i prime?
False
Suppose 0 = 30*x + 70*x - 1283900. Is x prime?
False
Suppose 0 = 120*m - 14663 - 223527 + 17270. Is m composite?
True
Let p = 8219 - 11860. Let i = 5552 + p. Suppose j - i = 2*d, 3*j + 2*d - 5751 = -d. Is j prime?
False
Let o(m) = -5*m + 19. Let i be o(11). Let y be ((-2)/(-4))/((-6)/i). Suppose -2*n - 5*v = -491, -768 = -2*n - n + y*v. Is n a prime number?
False
Let z(s) = s + 2 - 7*s**3 - 2*s - s. Let l(o) = -3*o**2 - 93*o + 193. Let x be l(-33). Is z(x) composite?
False
Suppose -43*o + 4 = -42*o